{"id":203,"date":"2022-04-17T09:01:25","date_gmt":"2022-04-17T09:01:25","guid":{"rendered":"https:\/\/xstore.8theme.com\/elementor\/demos\/business02\/?page_id=203"},"modified":"2024-09-27T08:45:25","modified_gmt":"2024-09-27T13:45:25","slug":"preguntas-frecuentes","status":"publish","type":"page","link":"https:\/\/kode-techpr.com\/index.php\/preguntas-frecuentes\/","title":{"rendered":"Preguntas Frecuentes (FAQ)"},"content":{"rendered":"\t\t<div data-elementor-type=\"wp-page\" data-elementor-id=\"203\" class=\"elementor elementor-203\" data-elementor-post-type=\"page\">\n\t\t\t\t\t\t<section class=\"elementor-section elementor-top-section elementor-element elementor-element-2a1c4a77 elementor-section-boxed elementor-section-height-default elementor-section-height-default\" data-id=\"2a1c4a77\" data-element_type=\"section\" data-e-type=\"section\">\n\t\t\t\t\t\t<div class=\"elementor-container elementor-column-gap-no\">\n\t\t\t\t\t<div class=\"elementor-column elementor-col-50 elementor-top-column elementor-element elementor-element-2aacdc25\" data-id=\"2aacdc25\" data-element_type=\"column\" data-e-type=\"column\">\n\t\t\t<div class=\"elementor-widget-wrap elementor-element-populated\">\n\t\t\t\t\t\t<div class=\"elementor-element elementor-element-2f7f92a8 elementor-widget elementor-widget-heading\" data-id=\"2f7f92a8\" data-element_type=\"widget\" data-e-type=\"widget\" data-widget_type=\"heading.default\">\n\t\t\t\t<div class=\"elementor-widget-container\">\n\t\t\t\t\t<h2 class=\"elementor-heading-title elementor-size-default\"> \u00bfTienes Preguntas?<\/h2>\t\t\t\t<\/div>\n\t\t\t\t<\/div>\n\t\t\t\t<div class=\"elementor-element elementor-element-22721cd7 elementor-widget elementor-widget-text-editor\" data-id=\"22721cd7\" data-element_type=\"widget\" data-e-type=\"widget\" data-widget_type=\"text-editor.default\">\n\t\t\t\t<div class=\"elementor-widget-container\">\n\t\t\t\t\t\t\t\t\t<p>Por favor, lee las preguntas a continuaci\u00f3n y si no encuentras tu respuesta, env\u00edanos tu consulta. Te responderemos lo antes posible.<\/p>\t\t\t\t\t\t\t\t<\/div>\n\t\t\t\t<\/div>\n\t\t\t\t<div class=\"elementor-element elementor-element-2e7de32 elementor-widget elementor-widget-toggle\" data-id=\"2e7de32\" data-element_type=\"widget\" data-e-type=\"widget\" data-widget_type=\"toggle.default\">\n\t\t\t\t<div class=\"elementor-widget-container\">\n\t\t\t\t\t\t\t<div class=\"elementor-toggle\">\n\t\t\t\t\t\t\t<div class=\"elementor-toggle-item\">\n\t\t\t\t\t<div id=\"elementor-tab-title-4871\" class=\"elementor-tab-title\" data-tab=\"1\" role=\"button\" aria-controls=\"elementor-tab-content-4871\" aria-expanded=\"false\">\n\t\t\t\t\t\t\t\t\t\t\t\t<span class=\"elementor-toggle-icon elementor-toggle-icon-right\" aria-hidden=\"true\">\n\t\t\t\t\t\t\t\t\t\t\t\t\t\t\t<span class=\"elementor-toggle-icon-closed\"><i class=\"et-icon et-down-arrow\"><\/i><\/span>\n\t\t\t\t\t\t\t\t<span class=\"elementor-toggle-icon-opened\"><i class=\"elementor-toggle-icon-opened et-icon et-up-arrow\"><\/i><\/span>\n\t\t\t\t\t\t\t\t\t\t\t\t\t<\/span>\n\t\t\t\t\t\t\t\t\t\t\t\t<a class=\"elementor-toggle-title\" tabindex=\"0\">\u00bfC\u00f3mo Registrar un Nuevo Cliente?<\/a>\n\t\t\t\t\t<\/div>\n\n\t\t\t\t\t<div id=\"elementor-tab-content-4871\" class=\"elementor-tab-content elementor-clearfix\" data-tab=\"1\" role=\"region\" aria-labelledby=\"elementor-tab-title-4871\"><p>Para registrarte como cliente nuevo, visita nuestra p\u00e1gina xx, completa el formulario con todos los datos de tu empresa y env\u00edala junto a todos los documentos indicados por correo a correo a <a href=\"mailto:info@kode.world\">info@kode.world<\/a><\/p><\/div>\n\t\t\t\t<\/div>\n\t\t\t\t\t\t\t<div class=\"elementor-toggle-item\">\n\t\t\t\t\t<div id=\"elementor-tab-title-4872\" class=\"elementor-tab-title\" data-tab=\"2\" role=\"button\" aria-controls=\"elementor-tab-content-4872\" aria-expanded=\"false\">\n\t\t\t\t\t\t\t\t\t\t\t\t<span class=\"elementor-toggle-icon elementor-toggle-icon-right\" aria-hidden=\"true\">\n\t\t\t\t\t\t\t\t\t\t\t\t\t\t\t<span class=\"elementor-toggle-icon-closed\"><i class=\"et-icon et-down-arrow\"><\/i><\/span>\n\t\t\t\t\t\t\t\t<span class=\"elementor-toggle-icon-opened\"><i class=\"elementor-toggle-icon-opened et-icon et-up-arrow\"><\/i><\/span>\n\t\t\t\t\t\t\t\t\t\t\t\t\t<\/span>\n\t\t\t\t\t\t\t\t\t\t\t\t<a class=\"elementor-toggle-title\" tabindex=\"0\">Contacto<\/a>\n\t\t\t\t\t<\/div>\n\n\t\t\t\t\t<div id=\"elementor-tab-content-4872\" class=\"elementor-tab-content elementor-clearfix\" data-tab=\"2\" role=\"region\" aria-labelledby=\"elementor-tab-title-4872\"><ul><li>Para informaci\u00f3n general: <a href=\"mailto:info@kode.world\">info@kode.world<\/a><\/li><li>Para garantias y devoluciones: <a href=\"mailto:support@kode.world\">support@kode.world<\/a><\/li><li>Horario de Oficina: lunes a viernes de 8:30 am a 5:30pm<\/li><\/ul><\/div>\n\t\t\t\t<\/div>\n\t\t\t\t\t\t\t<div class=\"elementor-toggle-item\">\n\t\t\t\t\t<div id=\"elementor-tab-title-4873\" class=\"elementor-tab-title\" data-tab=\"3\" role=\"button\" aria-controls=\"elementor-tab-content-4873\" aria-expanded=\"false\">\n\t\t\t\t\t\t\t\t\t\t\t\t<span class=\"elementor-toggle-icon elementor-toggle-icon-right\" aria-hidden=\"true\">\n\t\t\t\t\t\t\t\t\t\t\t\t\t\t\t<span class=\"elementor-toggle-icon-closed\"><i class=\"et-icon et-down-arrow\"><\/i><\/span>\n\t\t\t\t\t\t\t\t<span class=\"elementor-toggle-icon-opened\"><i class=\"elementor-toggle-icon-opened et-icon et-up-arrow\"><\/i><\/span>\n\t\t\t\t\t\t\t\t\t\t\t\t\t<\/span>\n\t\t\t\t\t\t\t\t\t\t\t\t<a class=\"elementor-toggle-title\" tabindex=\"0\">Pol\u00edticas de devoluci\u00f3n<\/a>\n\t\t\t\t\t<\/div>\n\n\t\t\t\t\t<div id=\"elementor-tab-content-4873\" class=\"elementor-tab-content elementor-clearfix\" data-tab=\"3\" role=\"region\" aria-labelledby=\"elementor-tab-title-4873\"><p>Aceptamos devoluciones dentro de los 7 d\u00edas posteriores a la compra. Los productos deben estar en su empaque original y sin uso.<\/p><\/div>\n\t\t\t\t<\/div>\n\t\t\t\t\t\t\t<div class=\"elementor-toggle-item\">\n\t\t\t\t\t<div id=\"elementor-tab-title-4874\" class=\"elementor-tab-title\" data-tab=\"4\" role=\"button\" aria-controls=\"elementor-tab-content-4874\" aria-expanded=\"false\">\n\t\t\t\t\t\t\t\t\t\t\t\t<span class=\"elementor-toggle-icon elementor-toggle-icon-right\" aria-hidden=\"true\">\n\t\t\t\t\t\t\t\t\t\t\t\t\t\t\t<span class=\"elementor-toggle-icon-closed\"><i class=\"et-icon et-down-arrow\"><\/i><\/span>\n\t\t\t\t\t\t\t\t<span class=\"elementor-toggle-icon-opened\"><i class=\"elementor-toggle-icon-opened et-icon et-up-arrow\"><\/i><\/span>\n\t\t\t\t\t\t\t\t\t\t\t\t\t<\/span>\n\t\t\t\t\t\t\t\t\t\t\t\t<a class=\"elementor-toggle-title\" tabindex=\"0\">Proceso de devoluci\u00f3n<\/a>\n\t\t\t\t\t<\/div>\n\n\t\t\t\t\t<div id=\"elementor-tab-content-4874\" class=\"elementor-tab-content elementor-clearfix\" data-tab=\"4\" role=\"region\" aria-labelledby=\"elementor-tab-title-4874\"><p>El cliente podr\u00e1 traer el equipo a la tienda y entregar el equipo seg\u00fan se le fue entregado.\u00a0 Las gestiones deben de ser con el recibo de compra y por el comprador original, Kode se reserva el derecho de probar las devoluciones de equipos defectuosos e imponer al cliente una fee igual al 15% del precio de venta si el cliente malinterpreta la condici\u00f3n del producto.<\/p><p>Cualquier equipo devuelto que se encuentre da\u00f1ado o roto por mal uso del cliente, con piezas o en condici\u00f3n inaceptable debido a su manipulaci\u00f3n, tendr\u00e1 como resultado la invalidaci\u00f3n del derecho a reembolso, por la condici\u00f3n del producto.<\/p><p>Kode le dar\u00e1 un cr\u00e9dito en la tienda siempre y cuando se cumplan con las pol\u00edticas de devoluci\u00f3n.<\/p><\/div>\n\t\t\t\t<\/div>\n\t\t\t\t\t\t\t<div class=\"elementor-toggle-item\">\n\t\t\t\t\t<div id=\"elementor-tab-title-4875\" class=\"elementor-tab-title\" data-tab=\"5\" role=\"button\" aria-controls=\"elementor-tab-content-4875\" aria-expanded=\"false\">\n\t\t\t\t\t\t\t\t\t\t\t\t<span class=\"elementor-toggle-icon elementor-toggle-icon-right\" aria-hidden=\"true\">\n\t\t\t\t\t\t\t\t\t\t\t\t\t\t\t<span class=\"elementor-toggle-icon-closed\"><i class=\"et-icon et-down-arrow\"><\/i><\/span>\n\t\t\t\t\t\t\t\t<span class=\"elementor-toggle-icon-opened\"><i class=\"elementor-toggle-icon-opened et-icon et-up-arrow\"><\/i><\/span>\n\t\t\t\t\t\t\t\t\t\t\t\t\t<\/span>\n\t\t\t\t\t\t\t\t\t\t\t\t<a class=\"elementor-toggle-title\" tabindex=\"0\">Garant\u00edas y procesos<\/a>\n\t\t\t\t\t<\/div>\n\n\t\t\t\t\t<div id=\"elementor-tab-content-4875\" class=\"elementor-tab-content elementor-clearfix\" data-tab=\"5\" role=\"region\" aria-labelledby=\"elementor-tab-title-4875\"><p>Ofrecemos garant\u00edas que var\u00edan seg\u00fan el producto. Para detalles espec\u00edficos sobre la garant\u00eda de tu producto llama a nuestro servicio al cliente al +1 (787) 622-9030.<\/p><\/div>\n\t\t\t\t<\/div>\n\t\t\t\t\t\t\t\t\t\t<script type=\"application\/ld+json\">{\"@context\":\"https:\\\/\\\/schema.org\",\"@type\":\"FAQPage\",\"mainEntity\":[{\"@type\":\"Question\",\"name\":\"\\u00bfC\\u00f3mo Registrar un Nuevo Cliente?\",\"acceptedAnswer\":{\"@type\":\"Answer\",\"text\":\"<p>Para registrarte como cliente nuevo, visita nuestra p\\u00e1gina xx, completa el formulario con todos los datos de tu empresa y env\\u00edala junto a todos los documentos indicados por correo a correo a <a href=\\\"mailto:info@kode.world\\\">info@kode.world<\\\/a><\\\/p>\"}},{\"@type\":\"Question\",\"name\":\"Contacto\",\"acceptedAnswer\":{\"@type\":\"Answer\",\"text\":\"<ul><li>Para informaci\\u00f3n general: <a href=\\\"mailto:info@kode.world\\\">info@kode.world<\\\/a><\\\/li><li>Para garantias y devoluciones: <a href=\\\"mailto:support@kode.world\\\">support@kode.world<\\\/a><\\\/li><li>Horario de Oficina: lunes a viernes de 8:30 am a 5:30pm<\\\/li><\\\/ul>\"}},{\"@type\":\"Question\",\"name\":\"Pol\\u00edticas de devoluci\\u00f3n\",\"acceptedAnswer\":{\"@type\":\"Answer\",\"text\":\"<p>Aceptamos devoluciones dentro de los 7 d\\u00edas posteriores a la compra. Los productos deben estar en su empaque original y sin uso.<\\\/p>\"}},{\"@type\":\"Question\",\"name\":\"Proceso de devoluci\\u00f3n\",\"acceptedAnswer\":{\"@type\":\"Answer\",\"text\":\"<p>El cliente podr\\u00e1 traer el equipo a la tienda y entregar el equipo seg\\u00fan se le fue entregado.\\u00a0 Las gestiones deben de ser con el recibo de compra y por el comprador original, Kode se reserva el derecho de probar las devoluciones de equipos defectuosos e imponer al cliente una fee igual al 15% del precio de venta si el cliente malinterpreta la condici\\u00f3n del producto.<\\\/p><p>Cualquier equipo devuelto que se encuentre da\\u00f1ado o roto por mal uso del cliente, con piezas o en condici\\u00f3n inaceptable debido a su manipulaci\\u00f3n, tendr\\u00e1 como resultado la invalidaci\\u00f3n del derecho a reembolso, por la condici\\u00f3n del producto.<\\\/p><p>Kode le dar\\u00e1 un cr\\u00e9dito en la tienda siempre y cuando se cumplan con las pol\\u00edticas de devoluci\\u00f3n.<\\\/p>\"}},{\"@type\":\"Question\",\"name\":\"Garant\\u00edas y procesos\",\"acceptedAnswer\":{\"@type\":\"Answer\",\"text\":\"<p>Ofrecemos garant\\u00edas que var\\u00edan seg\\u00fan el producto. Para detalles espec\\u00edficos sobre la garant\\u00eda de tu producto llama a nuestro servicio al cliente al +1 (787) 622-9030.<\\\/p>\"}}]}<\/script>\n\t\t\t\t\t<\/div>\n\t\t\t\t\t\t<\/div>\n\t\t\t\t<\/div>\n\t\t\t\t\t<\/div>\n\t\t<\/div>\n\t\t\t\t<div class=\"elementor-column elementor-col-50 elementor-top-column elementor-element elementor-element-26eeeede elementor-hidden-mobile\" data-id=\"26eeeede\" data-element_type=\"column\" data-e-type=\"column\">\n\t\t\t<div class=\"elementor-widget-wrap elementor-element-populated\">\n\t\t\t\t\t\t<div class=\"elementor-element elementor-element-5ea651a1 elementor-absolute etheme-parallax-scroll_effects elementor-widget elementor-widget-image\" data-id=\"5ea651a1\" data-element_type=\"widget\" data-e-type=\"widget\" data-settings=\"{&quot;etheme_parallax_scroll_y&quot;:&quot;50&quot;,&quot;etheme_parallax&quot;:&quot;yes&quot;,&quot;_position&quot;:&quot;absolute&quot;,&quot;etheme_parallax_type&quot;:&quot;scroll_effects&quot;,&quot;etheme_parallax_scroll_scale&quot;:{&quot;unit&quot;:&quot;px&quot;,&quot;size&quot;:1,&quot;sizes&quot;:[]},&quot;etheme_parallax_scroll_x&quot;:0,&quot;etheme_parallax_scroll_z&quot;:0,&quot;etheme_parallax_scroll_rotate&quot;:{&quot;unit&quot;:&quot;px&quot;,&quot;size&quot;:0,&quot;sizes&quot;:[]},&quot;etheme_parallax_scroll_perspective&quot;:{&quot;unit&quot;:&quot;px&quot;,&quot;size&quot;:800,&quot;sizes&quot;:[]},&quot;etheme_parallax_scroll_smoothness&quot;:{&quot;unit&quot;:&quot;px&quot;,&quot;size&quot;:30,&quot;sizes&quot;:[]}}\" data-widget_type=\"image.default\">\n\t\t\t\t<div class=\"elementor-widget-container\">\n\t\t\t\t\t\t\t\t\t\t\t\t\t\t\t<img loading=\"lazy\" loading=\"lazy\" decoding=\"async\" width=\"462\" height=\"578\" src=\"https:\/\/kode-techpr.com\/wp-content\/uploads\/2022\/04\/Pattern-min.jpeg\" class=\"attachment-full size-full wp-image-1219\" alt=\"\" \/>\t\t\t\t\t\t\t\t\t\t\t\t\t\t\t<\/div>\n\t\t\t\t<\/div>\n\t\t\t\t<div class=\"elementor-element elementor-element-2a1de174 elementor-absolute etheme-parallax-scroll_effects elementor-widget elementor-widget-image\" data-id=\"2a1de174\" data-element_type=\"widget\" data-e-type=\"widget\" data-settings=\"{&quot;etheme_parallax_scroll_y&quot;:&quot;-50&quot;,&quot;etheme_parallax&quot;:&quot;yes&quot;,&quot;_position&quot;:&quot;absolute&quot;,&quot;etheme_parallax_type&quot;:&quot;scroll_effects&quot;,&quot;etheme_parallax_scroll_scale&quot;:{&quot;unit&quot;:&quot;px&quot;,&quot;size&quot;:1,&quot;sizes&quot;:[]},&quot;etheme_parallax_scroll_x&quot;:0,&quot;etheme_parallax_scroll_z&quot;:0,&quot;etheme_parallax_scroll_rotate&quot;:{&quot;unit&quot;:&quot;px&quot;,&quot;size&quot;:0,&quot;sizes&quot;:[]},&quot;etheme_parallax_scroll_perspective&quot;:{&quot;unit&quot;:&quot;px&quot;,&quot;size&quot;:800,&quot;sizes&quot;:[]},&quot;etheme_parallax_scroll_smoothness&quot;:{&quot;unit&quot;:&quot;px&quot;,&quot;size&quot;:30,&quot;sizes&quot;:[]}}\" data-widget_type=\"image.default\">\n\t\t\t\t<div class=\"elementor-widget-container\">\n\t\t\t\t\t\t\t\t\t\t\t\t\t\t\t<img loading=\"lazy\" loading=\"lazy\" decoding=\"async\" width=\"555\" height=\"552\" src=\"https:\/\/kode-techpr.com\/wp-content\/uploads\/2022\/04\/Image-1-1.jpeg\" class=\"attachment-full size-full wp-image-1300\" alt=\"\" \/>\t\t\t\t\t\t\t\t\t\t\t\t\t\t\t<\/div>\n\t\t\t\t<\/div>\n\t\t\t\t\t<\/div>\n\t\t<\/div>\n\t\t\t\t\t<\/div>\n\t\t<\/section>\n\t\t\t\t<\/div>\n\t\t","protected":false},"excerpt":{"rendered":"<p>\u00bfTienes Preguntas? Por favor, lee las preguntas a continuaci\u00f3n y si no encuentras tu respuesta, env\u00edanos tu consulta. Te responderemos lo antes posible. \u00bfC\u00f3mo Registrar&#8230;<\/p>\n","protected":false},"author":1,"featured_media":1574,"parent":0,"menu_order":0,"comment_status":"closed","ping_status":"closed","template":"","meta":{"footnotes":""},"class_list":["post-203","page","type-page","status-publish","has-post-thumbnail","hentry"],"yoast_head":"<!-- This site is optimized with the Yoast SEO plugin v27.3 - https:\/\/yoast.com\/product\/yoast-seo-wordpress\/ -->\n<title>Preguntas Frecuentes (FAQ) - Kodetech<\/title>\n<meta name=\"robots\" content=\"index, follow, max-snippet:-1, max-image-preview:large, max-video-preview:-1\" \/>\n<link rel=\"canonical\" href=\"https:\/\/kode-techpr.com\/index.php\/preguntas-frecuentes\/\" \/>\n<meta property=\"og:locale\" content=\"es_ES\" \/>\n<meta property=\"og:type\" content=\"article\" \/>\n<meta property=\"og:title\" content=\"Preguntas Frecuentes (FAQ) - Kodetech\" \/>\n<meta property=\"og:description\" content=\"\u00bfTienes Preguntas? Por favor, lee las preguntas a continuaci\u00f3n y si no encuentras tu respuesta, env\u00edanos tu consulta. Te responderemos lo antes posible. \u00bfC\u00f3mo Registrar...\" \/>\n<meta property=\"og:url\" content=\"https:\/\/kode-techpr.com\/index.php\/preguntas-frecuentes\/\" \/>\n<meta property=\"og:site_name\" content=\"Kodetech\" \/>\n<meta property=\"article:modified_time\" content=\"2024-09-27T13:45:25+00:00\" \/>\n<meta property=\"og:image\" content=\"https:\/\/kode-techpr.com\/wp-content\/uploads\/2024\/08\/business-man-financial-inspector-secretary-making-report.png\" \/>\n\t<meta property=\"og:image:width\" content=\"1900\" \/>\n\t<meta property=\"og:image:height\" content=\"250\" \/>\n\t<meta property=\"og:image:type\" content=\"image\/png\" \/>\n<meta name=\"twitter:card\" content=\"summary_large_image\" \/>\n<meta name=\"twitter:label1\" content=\"Tiempo de lectura\" \/>\n\t<meta name=\"twitter:data1\" content=\"4 minutos\" \/>\n<script type=\"application\/ld+json\" class=\"yoast-schema-graph\">{\"@context\":\"https:\\\/\\\/schema.org\",\"@graph\":[{\"@type\":\"WebPage\",\"@id\":\"https:\\\/\\\/kode-techpr.com\\\/index.php\\\/preguntas-frecuentes\\\/\",\"url\":\"https:\\\/\\\/kode-techpr.com\\\/index.php\\\/preguntas-frecuentes\\\/\",\"name\":\"Preguntas Frecuentes (FAQ) - Kodetech\",\"isPartOf\":{\"@id\":\"https:\\\/\\\/kode-techpr.com\\\/#website\"},\"primaryImageOfPage\":{\"@id\":\"https:\\\/\\\/kode-techpr.com\\\/index.php\\\/preguntas-frecuentes\\\/#primaryimage\"},\"image\":{\"@id\":\"https:\\\/\\\/kode-techpr.com\\\/index.php\\\/preguntas-frecuentes\\\/#primaryimage\"},\"thumbnailUrl\":\"https:\\\/\\\/kode-techpr.com\\\/wp-content\\\/uploads\\\/2024\\\/08\\\/business-man-financial-inspector-secretary-making-report.png\",\"datePublished\":\"2022-04-17T09:01:25+00:00\",\"dateModified\":\"2024-09-27T13:45:25+00:00\",\"breadcrumb\":{\"@id\":\"https:\\\/\\\/kode-techpr.com\\\/index.php\\\/preguntas-frecuentes\\\/#breadcrumb\"},\"inLanguage\":\"es-CO\",\"potentialAction\":[{\"@type\":\"ReadAction\",\"target\":[\"https:\\\/\\\/kode-techpr.com\\\/index.php\\\/preguntas-frecuentes\\\/\"]}]},{\"@type\":\"ImageObject\",\"inLanguage\":\"es-CO\",\"@id\":\"https:\\\/\\\/kode-techpr.com\\\/index.php\\\/preguntas-frecuentes\\\/#primaryimage\",\"url\":\"https:\\\/\\\/kode-techpr.com\\\/wp-content\\\/uploads\\\/2024\\\/08\\\/business-man-financial-inspector-secretary-making-report.png\",\"contentUrl\":\"https:\\\/\\\/kode-techpr.com\\\/wp-content\\\/uploads\\\/2024\\\/08\\\/business-man-financial-inspector-secretary-making-report.png\",\"width\":1900,\"height\":250,\"caption\":\"business man financial inspector secretary making report calculating checking balance internal revenueservice inspector checking document audit concept\"},{\"@type\":\"BreadcrumbList\",\"@id\":\"https:\\\/\\\/kode-techpr.com\\\/index.php\\\/preguntas-frecuentes\\\/#breadcrumb\",\"itemListElement\":[{\"@type\":\"ListItem\",\"position\":1,\"name\":\"Inicio\",\"item\":\"https:\\\/\\\/kode-techpr.com\\\/index.php\\\/inicio\\\/\"},{\"@type\":\"ListItem\",\"position\":2,\"name\":\"Preguntas Frecuentes (FAQ)\"}]},{\"@type\":\"WebSite\",\"@id\":\"https:\\\/\\\/kode-techpr.com\\\/#website\",\"url\":\"https:\\\/\\\/kode-techpr.com\\\/\",\"name\":\"Kodetech\",\"description\":\"| L&iacute;deres en Distribuci&oacute;n de Soluciones de TI\",\"potentialAction\":[{\"@type\":\"SearchAction\",\"target\":{\"@type\":\"EntryPoint\",\"urlTemplate\":\"https:\\\/\\\/kode-techpr.com\\\/?s={search_term_string}\"},\"query-input\":{\"@type\":\"PropertyValueSpecification\",\"valueRequired\":true,\"valueName\":\"search_term_string\"}}],\"inLanguage\":\"es-CO\"}]}<\/script>\n<!-- \/ Yoast SEO plugin. -->","yoast_head_json":{"title":"Preguntas Frecuentes (FAQ) - Kodetech","robots":{"index":"index","follow":"follow","max-snippet":"max-snippet:-1","max-image-preview":"max-image-preview:large","max-video-preview":"max-video-preview:-1"},"canonical":"https:\/\/kode-techpr.com\/index.php\/preguntas-frecuentes\/","og_locale":"es_ES","og_type":"article","og_title":"Preguntas Frecuentes (FAQ) - Kodetech","og_description":"\u00bfTienes Preguntas? Por favor, lee las preguntas a continuaci\u00f3n y si no encuentras tu respuesta, env\u00edanos tu consulta. Te responderemos lo antes posible. \u00bfC\u00f3mo Registrar...","og_url":"https:\/\/kode-techpr.com\/index.php\/preguntas-frecuentes\/","og_site_name":"Kodetech","article_modified_time":"2024-09-27T13:45:25+00:00","og_image":[{"width":1900,"height":250,"url":"https:\/\/kode-techpr.com\/wp-content\/uploads\/2024\/08\/business-man-financial-inspector-secretary-making-report.png","type":"image\/png"}],"twitter_card":"summary_large_image","twitter_misc":{"Tiempo de lectura":"4 minutos"},"schema":{"@context":"https:\/\/schema.org","@graph":[{"@type":"WebPage","@id":"https:\/\/kode-techpr.com\/index.php\/preguntas-frecuentes\/","url":"https:\/\/kode-techpr.com\/index.php\/preguntas-frecuentes\/","name":"Preguntas Frecuentes (FAQ) - Kodetech","isPartOf":{"@id":"https:\/\/kode-techpr.com\/#website"},"primaryImageOfPage":{"@id":"https:\/\/kode-techpr.com\/index.php\/preguntas-frecuentes\/#primaryimage"},"image":{"@id":"https:\/\/kode-techpr.com\/index.php\/preguntas-frecuentes\/#primaryimage"},"thumbnailUrl":"https:\/\/kode-techpr.com\/wp-content\/uploads\/2024\/08\/business-man-financial-inspector-secretary-making-report.png","datePublished":"2022-04-17T09:01:25+00:00","dateModified":"2024-09-27T13:45:25+00:00","breadcrumb":{"@id":"https:\/\/kode-techpr.com\/index.php\/preguntas-frecuentes\/#breadcrumb"},"inLanguage":"es-CO","potentialAction":[{"@type":"ReadAction","target":["https:\/\/kode-techpr.com\/index.php\/preguntas-frecuentes\/"]}]},{"@type":"ImageObject","inLanguage":"es-CO","@id":"https:\/\/kode-techpr.com\/index.php\/preguntas-frecuentes\/#primaryimage","url":"https:\/\/kode-techpr.com\/wp-content\/uploads\/2024\/08\/business-man-financial-inspector-secretary-making-report.png","contentUrl":"https:\/\/kode-techpr.com\/wp-content\/uploads\/2024\/08\/business-man-financial-inspector-secretary-making-report.png","width":1900,"height":250,"caption":"business man financial inspector secretary making report calculating checking balance internal revenueservice inspector checking document audit concept"},{"@type":"BreadcrumbList","@id":"https:\/\/kode-techpr.com\/index.php\/preguntas-frecuentes\/#breadcrumb","itemListElement":[{"@type":"ListItem","position":1,"name":"Inicio","item":"https:\/\/kode-techpr.com\/index.php\/inicio\/"},{"@type":"ListItem","position":2,"name":"Preguntas Frecuentes (FAQ)"}]},{"@type":"WebSite","@id":"https:\/\/kode-techpr.com\/#website","url":"https:\/\/kode-techpr.com\/","name":"Kodetech","description":"| L&iacute;deres en Distribuci&oacute;n de Soluciones de TI","potentialAction":[{"@type":"SearchAction","target":{"@type":"EntryPoint","urlTemplate":"https:\/\/kode-techpr.com\/?s={search_term_string}"},"query-input":{"@type":"PropertyValueSpecification","valueRequired":true,"valueName":"search_term_string"}}],"inLanguage":"es-CO"}]}},"_links":{"self":[{"href":"https:\/\/kode-techpr.com\/index.php\/wp-json\/wp\/v2\/pages\/203","targetHints":{"allow":["GET"]}}],"collection":[{"href":"https:\/\/kode-techpr.com\/index.php\/wp-json\/wp\/v2\/pages"}],"about":[{"href":"https:\/\/kode-techpr.com\/index.php\/wp-json\/wp\/v2\/types\/page"}],"author":[{"embeddable":true,"href":"https:\/\/kode-techpr.com\/index.php\/wp-json\/wp\/v2\/users\/1"}],"replies":[{"embeddable":true,"href":"https:\/\/kode-techpr.com\/index.php\/wp-json\/wp\/v2\/comments?post=203"}],"version-history":[{"count":10,"href":"https:\/\/kode-techpr.com\/index.php\/wp-json\/wp\/v2\/pages\/203\/revisions"}],"predecessor-version":[{"id":1667,"href":"https:\/\/kode-techpr.com\/index.php\/wp-json\/wp\/v2\/pages\/203\/revisions\/1667"}],"wp:featuredmedia":[{"embeddable":true,"href":"https:\/\/kode-techpr.com\/index.php\/wp-json\/wp\/v2\/media\/1574"}],"wp:attachment":[{"href":"https:\/\/kode-techpr.com\/index.php\/wp-json\/wp\/v2\/media?parent=203"}],"curies":[{"name":"wp","href":"https:\/\/api.w.org\/{rel}","templated":true}]}}